 prime factors of 555?
3, 5, 37
What are the prime factors of 302?
2, 151
List the prime factors of 95115.
3, 5, 17, 373
List the prime factors of 5122.
2, 13, 197
What are the prime factors of 6112?
2, 191
What are the prime factors of 3233?
53, 61
What are the prime factors of 31953?
3, 10651
What are the prime factors of 19445?
5, 3889
What are the prime factors of 1041?
3, 347
What are the prime factors of 2781?
3, 103
List the prime factors of 158.
2, 79
What are the prime factors of 16743?
3, 5581
List the prime factors of 996.
2, 3, 83
List the prime factors of 65563.
65563
What are the prime factors of 762?
2, 3, 127
List the prime factors of 3144.
2, 3, 131
List the prime factors of 615.
3, 5, 41
What are the prime factors of 2774?
2, 19, 73
List the prime factors of 4880.
2, 5, 61
What are the prime factors of 91811?
91811
List the prime factors of 825.
3, 5, 11
What are the prime factors of 35052?
2, 3, 23, 127
List the prime factors of 463.
463
What are the prime factors of 1217?
1217
What are the prime factors of 5813?
5813
What are the prime factors of 3548?
2, 887
What are the prime factors of 11?
11
List the prime factors of 59972.
2, 11, 29, 47
What are the prime factors of 40147?
19, 2113
List the prime factors of 55348.
2, 101, 137
List the prime factors of 49771.
71, 701
What are the prime factors of 1522?
2, 761
What are the prime factors of 13194?
2, 3, 733
List the prime factors of 2637.
3, 293
What are the prime factors of 23672?
2, 11, 269
List the prime factors of 20820.
2, 3, 5, 347
What are the prime factors of 687?
3, 229
What are the prime factors of 2414?
2, 17, 71
List the prime factors of 298.
2, 149
List the prime factors of 2108.
2, 17, 31
What are the prime factors of 308?
2, 7, 11
What are the prime factors of 4444?
2, 11, 101
List the prime factors of 27146.
2, 7, 277
List the prime factors of 398.
2, 199
What are the prime factors of 175?
5, 7
What are the prime factors of 49973?
7, 11, 59
What are the prime factors of 17863?
17863
What are the prime factors of 99105?
3, 5, 6607
List the prime factors of 74518.
2, 19, 37, 53
What are the prime factors of 1405?
5, 281
List the prime factors of 814.
2, 11, 37
What are the prime factors of 125793?
3, 1553
What are the prime factors of 14344?
2, 11, 163
What are the prime factors of 1604?
2, 401
List the prime factors of 59073.
3, 7, 29, 97
List the prime factors of 3225.
3, 5, 43
List the prime factors of 1440.
2, 3, 5
List the prime factors of 578.
2, 17
What are the prime factors of 611?
13, 47
List the prime factors of 23316.
2, 3, 29, 67
List the prime factors of 2015.
5, 13, 31
What are the prime factors of 45515?
5, 9103
What are the prime factors of 18118?
2, 9059
What are the prime factors of 688?
2, 43
What are the prime factors of 12607?
7, 1801
What are the prime factors of 38553?
3, 71, 181
What are the prime factors of 214?
2, 107
What are the prime factors of 177171?
3, 73, 809
List the prime factors of 23203.
23203
What are the prime factors of 1079?
13, 83
What are the prime factors of 8786?
2, 23, 191
What are the prime factors of 17669?
17669
List the prime factors of 10739.
10739
What are the prime factors of 1788?
2, 3, 149
List the prime factors of 28608.
2, 3, 149
What are the prime factors of 65766?
2, 3, 97, 113
What are the prime factors of 1240?
2, 5, 31
List the prime factors of 114805.
5, 22961
List the prime factors of 24005.
5, 4801
List the prime factors of 28530.
2, 3, 5, 317
What are the prime factors of 4955?
5, 991
What are the prime factors of 3078?
2, 3, 19
List the prime factors of 9936.
2, 3, 23
What are the prime factors of 149969?
149969
What are the prime factors of 452?
2, 113
What are the prime factors of 3113?
11, 283
What are the prime factors of 13818?
2, 3, 7, 47
What are the prime factors of 8938?
2, 41, 109
What are the prime factors of 10894?
2, 13, 419
List the prime factors of 2706.
2, 3, 11, 41
List the prime factors of 4275.
3, 5, 19
What are the prime factors of 178637?
41, 4357
List the prime factors of 25842.
2, 3, 59, 73
List the prime factors of 1239.
3, 7, 59
What are the prime factors of 4443?
3, 1481
List the prime factors of 1401.
3, 467
What are the prime factors of 18839?
18839
What are the prime factors of 5722?
2, 2861
List the prime factors of 29.
29
What are the prime factors of 12670?
2, 5, 7, 181
List the prime factors of 544.
2, 17
What are the prime factors of 160060?
2, 5, 53, 151
List the prime factors of 3705.
3, 5, 13, 19
List the prime factors of 3348.
2, 3, 31
List the prime factors of 64363.
13, 4951
List the prime factors of 139.
139
List the prime factors of 45850.
2, 5, 7, 131
What are the prime factors of 22375?
5, 179
List the prime factors of 1503.
3, 167
What are the prime factors of 1362?
2, 3, 227
What are the prime factors of 3906?
2, 3, 7, 31
List the prime factors of 1098.
2, 3, 61
List the prime factors of 108602.
2, 13, 4177
What are the prime factors of 4373?
4373
List the prime factors of 117748.
2, 29437
What are the prime factors of 4110?
2, 3, 5, 137
What are the prime factors of 1434?
2, 3, 239
What are the prime factors of 21433?
21433
What are the prime factors of 11346?
2, 3, 31, 61
What are the prime factors of 5740?
2, 5, 7, 41
List the prime factors of 111377.
7, 2273
What are the prime factors of 25413?
3, 43, 197
What are the prime factors of 172?
2, 43
What are the prime factors of 2268?
2, 3, 7
What are the prime factors of 7116?
2, 3, 593
What are the prime factors of 101430?
2, 3, 5, 7, 23
What are the prime factors of 78378?
2, 3, 13063
What are the prime factors of 32437?
163, 199
What are the prime factors of 1385?
5, 277
What are the prime factors of 34791?
3, 11597
What are the prime factors of 1807?
13, 139
What are the prime factors of 2052?
2, 3, 19
What are the prime factors of 2704?
2, 13
What are the prime factors of 2929?
29, 101
What are the prime factors of 3826?
2, 1913
List the prime factors of 210.
2, 3, 5, 7
List the prime factors of 1095.
3, 5, 73
List the prime factors of 10691.
10691
What are the prime factors of 20023?
20023
List the prime factors of 1652.
2, 7, 59
What are the prime factors of 41618?
2, 20809
List the prime factors of 124430.
2, 5, 23, 541
List the prime factors of 6778.
2, 3389
List the prime factors of 546.
2, 3, 7, 13
List the prime factors of 63732.
2, 3, 47, 113
List the prime factors of 1903.
11, 173
List the prime factors of 11602.
2, 5801
List the prime factors of 9103.
9103
List the prime factors of 2036.
2, 509
What are the prime factors of 1838?
2, 919
What are the prime factors of 37281?
3, 17, 43
What are the prime factors of 1589?
7, 227
What are the prime factors of 4440?
2, 3, 5, 37
List the prime factors of 91281.
3, 30427
What are the prime factors of 11886?
2, 3, 7, 283
List the prime factors of 1413.
3, 157
What are the prime factors of 12847?
29, 443
What are the prime factors of 3403?
41, 83
What are the prime factors of 73119?
3, 24373
What are the prime factors of 13004?
2, 3251
What are the prime factors of 5490?
2, 3, 5, 61
List the prime factors of 48868.
2, 19, 643
List the prime factors of 25871.
41, 631
What are the prime factors of 13097?
7, 1871
What are the prime factors of 19254?
2, 3, 3209
What are the prime factors of 3145?
5, 17, 37
What are the prime factors of 22437?
3, 277
List the prime factors of 2045.
5, 409
What are the prime factors of 40851?
3, 17, 89
What are the prime factors of 36296?
2, 13, 349
List the prime factors of 33454.
2, 43, 389
What are the prime factors of 6040?
2, 5, 151
List the prime factors of 53713.
11, 19, 257
List the prime factors of 744.
2, 3, 31
List the prime factors of 23174.
2, 11587
What are the prime factors of 18945?
3, 5, 421
List the prime factors of 2081.
2081
List the prime factors of 799.
17, 47
What are the prime factors of 10551?
3, 3517
List the prime factors of 51514.
2, 43, 599
List the prime factors of 147820.
2, 5, 19, 389
What are the prime factors of 400?
2, 5
What are the prime factors of 1215?
3, 5
List the prime factors of 52236.
2, 3, 1451
What are the prime factors of 11971?
11971
What are the prime factors of 874?
2, 19, 23
List the prime factors of 5310.
2, 3, 5, 59
What are the prime factors of 50568?
2, 3